5 - z. Suppose 0 = -a + 2*a - u. Calculate the highest common divisor of a and 17.
17
Suppose -p + 4*p - 2*k - 72 = 0, -96 = -4*p - 2*k. Suppose -176 = -5*t + 2*l, 6*l - 4 = 4*l. What is the greatest common divisor of p and t?
12
Suppose -2543 = -195*j + 3*j - 1007. Suppose 2*o + 0*o - 42 = 0. Suppose 355 = 4*y - 3*w, -4*w = y - o - 63. What is the greatest common divisor of y and j?
8
Suppose -21*c = -7736 + 806. Calculate the highest common factor of c and 60.
30
Suppose -13 = -t + 7. Let c = -32 + t. Let m be ((-32)/c)/(2/9). What is the greatest common factor of 3 and m?
3
Let y be (0 + -1)*8/2. Let w be (y + -53)/(-3) + (-2 - -3). Calculate the highest common factor of w and 40.
20
Let a be -2 - (-120)/63 - 414902/(-714). Calculate the greatest common factor of 14 and a.
7
Let d be (-11448)/(9/(-1)) + -1 + 1. What is the highest common factor of 8 and d?
8
Let z be ((-36)/(-8) - 2)/((-2)/(-20)). What is the greatest common divisor of 35 and z?
5
Let m be (-135)/(-18)*44/3. Let d(f) = -f - 12 - 3*f**2 + 14 + f**3 - 4. Let u be d(4). What is the greatest common divisor of m and u?
10
Let t(o) = -o**2 + o + 17. Let z(b) = 2*b**2 - 3*b - 34. Let m(q) = 7*t(q) + 4*z(q). Let f be m(13). What is the greatest common divisor of f and 58?
29
Let m be 4*2/2 + 460. Calculate the greatest common factor of m and 16.
16
Let x be (-2 - -5)/(21/238). Suppose -28*o = -23*o - 255. What is the highest common divisor of x and o?
17
Suppose 12*w - 29*w + 85 = 0. What is the highest common divisor of 5 and w?
5
Let k(i) = -2*i + 22. Let l be k(11). Suppose -4*m + 4*p = -172, -p = m - l*m - 47. What is the greatest common divisor of 5 and m?
5
Let p be ((-6)/(-9))/((-2)/3). Let c be (p - -27)/(6/15). Let b(h) = -26*h**3 - h - 1. Let u be b(-1). What is the greatest common factor of u and c?
13
Let u = -752 + 754. Calculate the highest common factor of u and 9.
1
Let y = 290 - 182. Calculate the highest common divisor of 48 and y.
12
Let w(c) = -21*c + 1. Let x be w(1). Let g be (-5)/x + 575/4. Suppose -5*k - 2*y + 86 = 0, -k - 4*y + 46 = 2*k. What is the highest common factor of g and k?
18
Let d = 223 + -61. Suppose 2*k + 4*i - 12 = 4, -4*k + 3*i = -87. Calculate the highest common factor of d and k.
18
Suppose -5*u - 1378 = 852. Let o be (-3)/(-12) + u/(-8). Calculate the greatest common divisor of o and 504.
56
Let x be (2/(-6))/(2/(-24)). Let n be 209/x + (-4)/16. Calculate the greatest common factor of n and 26.
26
Let z(d) = 2*d + 1. Let o be z(4). Let a = -109 - -112. Suppose -2*w + 53 - 8 = -3*j, w = a*j + 18. Calculate the greatest common factor of o and w.
9
Suppose -28 = -x + 4*p + 28, 5*x = 2*p + 316. Suppose d - m - 10 = 0, 4*d + 2*m = -0*m + x. Let i = -124 - -222. What is the highest common divisor of i and d?
14
Let z be 1 + (2 - (0 - -36)). Let u be (z/(-4))/((-4)/176). Let p = -201 - u. Calculate the greatest common divisor of p and 18.
18
Let l(z) = z**3 - 16*z**2 - 12*z - 22. Let g be l(17). Calculate the highest common factor of 9 and g.
9
Let i(w) = 8*w**3 - w**2 + w + 3. Let k be i(2). Let m be (-3)/(1 + 0) - -8. Calculate the highest common factor of m and k.
5
Let m be ((-154)/55)/(2/10). Let z be m*(-3)/(3 - -3). What is the highest common factor of 35 and z?
7
Suppose 50*m + 92 = 958 + 334. Let f(r) = r**2 + 7. Let l be f(-5). What is the greatest common factor of l and m?
8
Let g(c) = c**3 + 5*c**2 - 8*c + 2. Let r(i) = -2*i**2 - 8*i + 4. Let o be r(-5). Let j be g(o). Calculate the highest common factor of j and 98.
14
Let v = 96 - 120. Let p be 2/5 - -6*v/(-15). What is the highest common factor of p and 10?
10
Let d be (2/4)/(1/(-10)). Let n = 8 + d. Suppose -3657*v + 108 = -3648*v. What is the highest common divisor of v and n?
3
Let h(j) = 3*j**2 + 9*j + 6. Let x be h(-4). What is the highest common divisor of x and 81?
9
Let n(h) = -4*h + 2. Let c be n(3). Let b be ((-56)/(-3))/(c/(-15)). What is the greatest common factor of 42 and b?
14
Suppose -s - 10 + 3 = 0. Let o = 6 + s. Let n(y) = 189*y**2 + 1. Let m be n(o). Calculate the highest common factor of m and 19.
19
Let k be 4 - (-293 + (-12)/4). Suppose 0 = 3*v + 5*d - 180, -d - d = -5*v + k. Calculate the greatest common factor of v and 24.
12
Let v(m) = 13*m - 7. Let b be v(7). Suppose 0 = 2*s - 4 - 0. Suppose -3*d = -4*k - 72, 2*d + k + s*k - 65 = 0. Calculate the highest common divisor of d and b.
28
Let w(v) = v**3 + 15*v**2 - 9*v - 2. Suppose 0 = -2*x - 8 - 16. Let c be w(x). Suppose -5*o + c = 208. What is the greatest common divisor of 99 and o?
33
Let u be (-1)/(3 - (-26)/(-8)). Let k be ((-2)/u)/(1/(-4)). Suppose -20 = -m - k. Calculate the greatest common factor of 54 and m.
18
Let g = -330 - -331. Calculate the greatest common divisor of g and 47.
1
Suppose 3*t - 28 = 2*t. Suppose -97 = -3*r + 155. What is the highest common divisor of r and t?
28
Let x = -98 - -107. Let s = 96 + -29. Suppose -2*f = -4*r + 74, f - s = -4*r - 4*f. What is the greatest common divisor of r and x?
9
Suppose -10*f = -105 + 85. What is the greatest common divisor of 64 and f?
2
Suppose 0 = -7*l - 8*l + 300. Suppose 0 = -5*x + 4*h - 116, 4*x + 0*h + 88 = 2*h. Let u be ((-8)/x - 0)*l. Calculate the highest common factor of u and 1.
1
Let d be (-3)/5 - 406/(-35). Let g = d + -1. Let j be (5 + -3)*g/4. Calculate the highest common factor of j and 5.
5
Suppose -4*p - 3*r = -747, -4*r + 5*r - 564 = -3*p. Calculate the greatest common factor of 63 and p.
63
Suppose -13*y + 721 + 1619 = 0. Calculate the highest common divisor of y and 30.
30
Let s(i) = -i**3 - i**2 + i - 3. Let w be s(-3). Let l be (6/w)/((-2)/(-4)). Calculate the greatest common factor of l and 5.
1
Let g be ((-36)/21)/((0 - 3)/(-21)). Let i be 8/g*-6 + -2. Calculate the greatest common factor of 10 and i.
2
Let s(o) = -5*o - 1. Let t be s(-3). Suppose -23*c - 2127 = -2449. Calculate the greatest common factor of t and c.
14
Suppose 0 = 4*q - 12 - 4. Let x be ((-2)/6)/(q/132). Let k = x + 28. Calculate the highest common factor of k and 187.
17
Let u(g) = -g**3 + 16*g**2 - 34*g + 30. Let d be u(13). What is the greatest common divisor of 19 and d?
19
Let u be 62/(-22) + -2 + 4/(-22). Let l be 2/6*(-184 + u)/(-3). What is the greatest common divisor of 14 and l?
7
Let k = -79 - -99. Suppose -5*i - 124 = -4*h, 0*i = h - 4*i - k. What is the greatest common divisor of h and 4?
4
Suppose -48*d + 52*d - 480 = 0. Suppose -512 = -8*y - d. What is the highest common factor of y and 196?
49
Let p(u) = 2*u + 10. Let j be p(5). What is the highest common divisor of 80 and j?
20
Suppose 53*i - 25668 = 7*i. Calculate the highest common divisor of i and 31.
31
Let r be ((-16)/(-12) + -2)*-3. Let q(x) = -x - 3 - 4 - 102*x**2 + 103*x**r. Let o be q(5). Calculate the greatest common divisor of o and 13.
13
Let r = 28 + -24. Let m = r + -8. Let j be (-1)/(m/4 - 0). What is the greatest common divisor of 2 and j?
1
Let m(r) = -r**2 - 27*r - 38. Let c be m(-17). Calculate the highest common factor of c and 8.
4
Suppose 2*n - 4*z - 20 = 0, 4*n + 31 = 5*n + 5*z. What is the highest common factor of n and 104?
8
Let a = -2 - -4. Let b be (0 - a)/((-1)/9). Calculate the highest common factor of 12 and b.
6
Suppose -10*z + 276 - 66 = 0. Calculate the greatest common factor of z and 14.
7
Let n(w) = -11*w + 199. Let o be n(9). Calculate the greatest common factor of o and 80.
20
Suppose 480 = 4*q + 336. Calculate the greatest common divisor of q and 738.
18
Let p be (-12)/(-54) - (-43)/9. Let z = -283 + 398. Calculate the greatest common divisor of p and z.
5
Let k be (-44)/16*(-32)/9 + 140/630. Let g = 1 + -13. Let d = g - -42. What is the greatest common factor of d and k?
10
Let i(x) = x**3 + 11*x**2 + x + 9. Let n be i(-11). Let j = 12 + n. Calculate the highest common divisor of j and 10.
10
Let x(u) = u**2 + 20*u + 45. Let t be x(-19). Suppose t*s = 23*s + 6. What is the highest common divisor of 22 and s?
2
Let n = -831 - -967. What is the greatest common divisor of n and 748?
68
Let p be (3 - (-27)/(-6)) + (-25)/(-2). Suppose -p*b + 295 = -717. What is the highest common divisor of b and 46?
46
Suppose m - 14 = 3*p, 4*m = -2*p + 7*p + 35. What is the greatest common divisor of m and 10?
5
Let z = -945 + 1350. What is the highest common div